, f = -2*t + 5*t. Let c(x) = x**2 - 6*x - 7. What is c(f)?
-7
Let v(i) = 5*i - 26. Let p be v(6). Let f(y) = p*y + 2*y - 3*y - 4*y. Calculate f(6).
-6
Suppose -d - c + 8 = d, 2*c = -5*d + 18. Let y(l) be the second derivative of 0 + 3/2*l**d + 2*l + 1/3*l**3. Calculate y(-2).
-1
Let k(f) = -7*f - 2. Let g = -363 - -361. Determine k(g).
12
Let j(b) = -b**3 + 10*b**2 - 5*b - 29. Let o be j(9). Let d(y) = -y**3 + 7*y**2 + 3*y - 18. Give d(o).
3
Let x(i) be the first derivative of i**3/3 - 7*i**2/2 - 7*i + 27. Determine x(9).
11
Let n(b) = b**3 + 5*b**2 - 4*b - 1. Suppose -3*h - 3*g + 3 = 27, 0 = -h + 5*g + 4. Give n(h).
-13
Let n = 277 - 257. Let y(q) = -q**3 + 19*q**2 + 21*q - 13. Determine y(n).
7
Suppose -5*m - 3*g = -108, -16 = 4*m - g - 116. Let w be (m/21)/(-4) + 12/(-7). Let k(q) = 3*q + 2. Give k(w).
-4
Suppose -4*y + 32 = 2*f, -2*y - f = f - 20. Let i = y + -5. Let b(z) be the third derivative of z**6/20 + z**5/30 - z**4/24 - z**2. Calculate b(i).
7
Let i(b) = -b**3 + b**2 + b - 7. Let g = 12 - 6. Let s be (2/g + 0)*0. What is i(s)?
-7
Let k(t) = 0*t + t + 4*t**2 + t**3 + 3*t + 194 + 195 - 390. Calculate k(-3).
-4
Let p(r) = r + 4*r**2 - 5*r**2 - 2*r**3 - 2*r - 1. Let g be (9 + -3)*(-3)/6. Let m(y) = 2*y + 5. Let x be m(g). Calculate p(x).
1
Suppose 0 = 5880*h - 5891*h + 33. Let i(a) be the third derivative of 13*a**2 - 1/12*a**5 + 5/24*a**4 + 1/6*a**h + 0*a + 0 - 1/120*a**6. Calculate i(-6).
7
Let y(u) = 6*u**3 - u**2 - u. Let c be 3/(-4)*10*(-2)/(-15). What is y(c)?
-6
Let x(m) be the second derivative of -m**5/20 - 5*m**2/2 + 14*m. Let d be (-2)/(-7) + (-2)/7. Let y be x(d). Let q(l) = -l + 3. Determine q(y).
8
Let j(p) = 88*p - 3. Let i(h) = 25*h - 1. Let s(g) = -22*i(g) + 6*j(g). Calculate s(-3).
70
Let s(v) be the second derivative of 0*v**2 + 0 - 1/6*v**3 + 34*v. Give s(-1).
1
Let p(t) = t**2 + 4*t - 8. Let g be -35 + 42 - (-15)/(-3). Determine p(g).
4
Let s(z) = -12*z. Suppose -3 = 5*c + 3*u - 7, 4*u - 14 = 2*c. What is s(c)?
12
Let x be (-1 - -1)/((-12)/4). Suppose -2*d - 19 = 5*r, 4*r + 6 = 3*d - x*d. Let u(l) = 2*l + 4. Calculate u(r).
-2
Let x(v) = 3*v**2 + 13*v - 3. Let n(i) = 2*i**2 + 7*i - 1. Suppose 0*f - 4*f + 20 = 0. Let w(c) = f*n(c) - 3*x(c). Calculate w(4).
4
Let l(s) = -3*s - 3. Let q be ((-1)/(-3))/(1 + (-26)/24). What is l(q)?
9
Let g(b) be the first derivative of -9*b - 16 - 1/2*b**2. What is g(-4)?
-5
Let t(y) be the first derivative of -3*y**2 + 4 - y - 1/3*y**3. Determine t(-5).
4
Let a = -4 + 5. Let n(f) = -4*f - 2. Let l be n(a). Let x be ((-3)/l)/((-2)/4). Let g(r) = 7*r**3 + 1. Calculate g(x).
-6
Let r(p) = -p**3 - 3*p**2 - 2*p - 1. Suppose -338 = -4*d - 30. Let u = -80 + d. Determine r(u).
5
Let s(c) be the third derivative of c**6/120 + c**5/30 - 3*c**2 - 63. Suppose -2*h - 4*k = 6, 4*k + 1 - 7 = 2*h. Give s(h).
-9
Let x(b) = -6*b - 3. Suppose 0 = 5*y + 4 + 6. Let n be (-6)/y - (-18)/6. Suppose 6*i = 3*i - n. Give x(i).
9
Let y(u) be the second derivative of u**4/6 - 7*u**3/3 + 4*u**2 - u. Let q be y(9). Let n(i) = 6*i - 1 + 45*i**2 + 0 - q*i**2. Give n(-7).
6
Suppose 0 = 3*y - 40 + 19. Let a(d) = -d**2 + 8*d - 2. What is a(y)?
5
Suppose 7*j - 3*j + 12 = 4*b, 2*j = 0. Let l(v) = -9 - 9*v + 8*v**2 + 1166*v**3 - v - 1165*v**b. What is l(-9)?
0
Let q(a) = -3*a - 27. Let p(l) = l + 1. Let n(b) = 2*p(b) + q(b). Calculate n(-17).
-8
Let z(q) = 13*q**2 - 10*q + 5. Let d(c) = -11*c**2 + 9*c - 6. Let s(a) = 7*d(a) + 6*z(a). Calculate s(-6).
6
Let n(r) = r**3 - r**2 - 5*r - 3. Let o be n(3). Suppose o = 3*p + 2 + 7. Let l(c) be the third derivative of c**4/8 + c**2. What is l(p)?
-9
Suppose -3*h + 25 = 2*h, -h + 5 = 3*v. Suppose 0 = 4*y - v*y. Suppose b - 2*s + 1 = -1, y = -3*b - 5*s - 17. Let z(j) = -j**2 - 2*j + 3. What is z(b)?
-5
Suppose -2*f = 4*o - 7*o + 15, 0 = -f + o - 6. Let r(v) = v**2 - 2. Give r(f).
7
Let q(w) be the third derivative of w**5/30 - w**4/12 + w**3/3 + 14*w**2. Let s(b) = -1. Let u(k) = q(k) + 3*s(k). Determine u(-1).
3
Let k(q) be the second derivative of q**5/10 + q**4/12 + q**3/6 + q**2/2 + q. Let j(l) = l**3 + 43*l**2 + 40*l - 85. Let m be j(-42). Give k(m).
-1
Let m(h) = h**3 - 11*h**2 + 8*h + 14. Suppose a + 5*p = -5, -4 = -2*a - 2*p + 6*p. Suppose a = 3*r - r - 20. Give m(r).
-6
Suppose 3*r = -r - 4*f + 40, -5*r + 32 = -f. Let g be 0/(-2)*(-9)/(-18). Let l(a) = -a**2 - 3*a + 9 + g*a + 8*a. Give l(r).
-5
Let l be 1/(1*(-3)/21). Let a(q) = 25*q + 85 - 87 - 24*q. Calculate a(l).
-9
Suppose -5*m + 15 = 45. Let f(r) be the third derivative of r**4/12 - r**3/6 + 2*r**2. What is f(m)?
-13
Let d be 2/8 - (-12)/16. Let t(r) be the third derivative of 0*r + 1/24*r**4 - 4/15*r**5 + 6*r**2 - 1/6*r**3 + 0. Determine t(d).
-16
Let t(y) = -10*y**2 - 9 - y**3 - 5*y - 3*y**2 + 20*y**2 + 3. Let n = 10 + -5. What is t(n)?
19
Let v(u) = u**3 - 5*u**2 + 2*u + 2. Let t be v(4). Let y(i) = -i**3 - 7*i**2 - 5*i + 2. Determine y(t).
-4
Let y(z) = z. Let r be 1/(-4) - (-771)/12. Let v = -63 + r. Determine y(v).
1
Let d = 10 - 2. Suppose 0 = -0*r + 4*r - d. Let m(y) = -4*y + 2. Let q(k) = k**2 + k - 1. Let j(l) = -m(l) - q(l). Give j(r).
1
Let n be (795/(-30) + 8 - -11)*(-8)/10. Let b(s) be the first derivative of -1 - 3*s + 1/3*s**3 - 5/2*s**2. Give b(n).
3
Suppose -4*i + i + 72 = 0. Let v = 26 - i. Let g(q) = -9 - 3*q**2 - 2 + 2*q**2 + v. Calculate g(0).
-9
Let a(h) = -6 - 2*h**3 - 2*h - 5*h**2 - 4*h**3 + 7*h**3 + 0*h**3 - 3*h**2. Determine a(8).
-22
Let f(n) = -2*n + 1. Let q be ((-17)/3)/((-1)/(-9)). Let u = q + 49. Give f(u).
5
Let g(c) = -3*c - 4. Let f be g(-2). Let o(k) = -10*k**2 - k - 6*k**f - 4*k + 15*k**2 + 3. Determine o(-7).
-11
Suppose 0 = -4*r + 68 + 72. Suppose r = -4*p + 3*g, g - 16 + 6 = p. Let y(x) = -x - 7. Determine y(p).
-2
Let s(x) = -5*x - 1. Let q(m) be the first derivative of m**3/3 + 6*m**2 - 13*m - 9. Let b be q(-13). Let w be b - (-3 + 0)/3. What is s(w)?
-6
Suppose -6*m = 2*m - 32. Let b(l) = 0*l**2 + 2*l**2 - 4*l - m*l**2 + l**2. Give b(-2).
4
Let w(g) be the second derivative of g**4/12 - g**3/2 + 5*g**2/2 + 12*g. Let l be w(2). Let n(t) = t**3 - 3*t**2 + 3. Determine n(l).
3
Suppose 4*i + 4*l = -60, 5*i - 134*l = -136*l - 63. Let w(c) = -c**3 - 11*c**2 + c - 25. Give w(i).
-36
Suppose -60*q - 2 + 302 = 0. Let o(c) = -c**3 + 6*c**2 - 5*c - 5. Give o(q).
-5
Let k(i) = -2 - 3*i**2 + 2711*i + 2*i**2 - 2705*i. Give k(4).
6
Let f(q) = q**3 - 2*q**2 - 2*q + 2. Let g be (-3 - 1 - -3) + 3. Let l be ((-6)/(-4) + 0)*g. Determine f(l).
5
Let b(v) = -v**3 + 6*v**2 - 6*v + 1. Suppose 0 = -8*x + 17*x - 234. Suppose -6*w + 4 = -x. Determine b(w).
-4
Let j be 32/(-12)*6/(-4). Suppose 9*y + 20 = j*y. Let s(d) = -d**3 - 4*d**2 + 4. Determine s(y).
4
Let z(y) = -16*y - 4*y + 38*y - 4*y + 2 - 13*y. Let x be (-3 + 0)*2/6. Calculate z(x).
1
Let t(d) = 2*d - 2. Let y(g) be the third derivative of -g**6/120 + 11*g**5/60 - g**4/12 + 17*g**3/6 + g**2 + 3*g. Let f be y(11). What is t(f)?
-12
Let r(s) = s. Let b be 3 - (3*-14)/3. Let n(c) = 16 - 26 + b - 4*c. Let x(q) = -n(q) - 3*r(q). What is x(-5)?
-12
Let a(v) = 3*v**2 + 3*v + 3. Let r(o) = -o**2. Let w(q) = a(q) + 2*r(q). Suppose 33 = -61*g + 50*g. Determine w(g).
3
Let k(u) be the second derivative of u**6/180 + u**4/3 + 6*u. Let d(y) be the third derivative of k(y). Give d(2).
8
Let i(l) be the first derivative of 1/2*l**2 + 5 - 6*l. Let p(m) = m - 5. Let v(r) = -4*i(r) + 3*p(r). Give v(6).
3
Let w(m) = m**3 + 17*m**2 + 8. Let o(x) = -3*x**2 - 77*x - 159. Let c be o(-2). Determine w(c).
8
Let s(f) = -20*f + 15. Let z(p) = 7*p - 5. Let c be (-2)/(32/68)*4. Let q(n) = c*z(n) - 6*s(n). Let j = 15 + -10. What is q(j)?
0
Let g(c) = 2*c + 4. Let t be (9/(-27))/((-2)/(-12)). Let q be g(t). Let a(b) be the second derivative of b**3/6 + 9*b**2/2 - b. What is a(q)?
9
Let n(r) = -r + 7. Let m(z) = -2*z**2 + 8*z + 15. Let x be m(8). Let k = x + 69. Suppose -3*u = -3*h - 30, -3*h - k = 2*h. What is n(u)?
1
Suppose 7*k = 4 + 24. Let q(x) be the first derivative of -x**3/3 + 2*x**2 + 3*x + 9. What is q(k)?
3
Suppose -21 = -5*s + 2*s. Let u(c) = 4*c + c - 1 - 6*c - 3. Give u(s).
-11
Let n(h) = 2 - 4*h + 4 - 168*h**2 - 10 + 167*h**2 - 2. Suppose a = -1 - 4. What is n(a)?
-11
Let v(c) = -c**2 + c + 1. Let s be (9/6)/(12/16) - -2. Calculate v(s).
-11
Let s(h) = 